or of o and 54?
18
Suppose 4*k - 2632 = -4*s, -9*s + 4*k = -5*s - 2632. What is the greatest common factor of 14 and s?
14
Let p be 0 - -87 - (17 - 15). Suppose 16*t = 11*t + p. Calculate the greatest common divisor of t and 153.
17
Suppose 2*l + 3*b = 48 - 1, 3*b = 5*l - 65. Calculate the greatest common divisor of 48 and l.
16
Let g(u) = 2*u**2 + 4*u + 2632. Let a be g(0). What is the highest common divisor of a and 28?
28
Suppose -2*i + 2088 = 2*v + 492, -4*i + 792 = v. What is the highest common divisor of v and 25?
25
Let g(n) = 63 - n**3 + 62 + 10*n - 126 + n**2. Let a be g(3). Let l(w) = -7*w - 2. Let z be l(-5). Calculate the greatest common divisor of z and a.
11
Suppose 0 = 4*x + 3*n - 16989, 0 = 2*x + n - 4399 - 4094. Let t be x/45 + 4/6. Let h = t + -51. What is the highest common divisor of 4 and h?
4
Let s be (1 - (-3 + 2))/2. Let o be ((-4)/2 - s)*-11. Calculate the greatest common divisor of 22 and o.
11
Suppose z = 5*y - 2*z - 15, 2*z = -5*y + 15. Suppose 0 = -33*d + 388 + 107. Calculate the highest common factor of d and y.
3
Let b(m) = -m**3 + 7*m**2 + 21*m - 4. Let r be b(9). Calculate the highest common factor of r and 3.
1
Suppose 0 = 2*o + 32*n - 33*n - 13, 5*o + 2*n = 46. Let g = 14 - -18. Calculate the greatest common factor of g and o.
8
Suppose 5*n + 2*y = 1373, 7*n - 5*n = -2*y + 554. Calculate the greatest common divisor of 117 and n.
39
Suppose 8*z - 30 = 3*z. Let k be ((-2)/z)/((-3)/36). Calculate the highest common factor of k and 28.
4
Let d(k) be the first derivative of 4*k**3 + 1. Let u = 10 + -9. Let r be d(u). What is the greatest common factor of 6 and r?
6
Let v(y) = y + 12. Let l be v(-1). Let q = 0 - -3. Suppose 0*w - q*w = 3*m - 252, 100 = m - 3*w. Calculate the greatest common divisor of l and m.
11
Let t(n) = 16*n**2 - 21*n + 76. Let w(z) = -3*z**2 + 4*z - 15. Let a(u) = -2*t(u) - 11*w(u). Let p be a(0). What is the greatest common factor of 26 and p?
13
Let c(j) = 3*j**3 - 10*j**2 - 4*j + 27. Let t be c(9). Calculate the highest common divisor of 72 and t.
72
Let v = -158 - -257. Let o be ((-4)/(-6))/((-4)/(-12)). Suppose -3*d + 29 = o. What is the highest common factor of v and d?
9
Let m be (-8)/9*-39*3. Let k = 31 + m. Calculate the highest common factor of k and 15.
15
Let a = -5 + 5. Let q be 2312/12 - (4/6 - a). What is the highest common factor of q and 24?
24
Let b be 4/38 - 4*(-4169)/418. What is the greatest common divisor of 100 and b?
20
Let r be (0 + 1)/((-78)/(-10764)). What is the greatest common divisor of r and 4002?
138
Let i be 3 - (2/2)/1. Suppose 0 = 38*x + 60*x - 1372. Calculate the highest common divisor of i and x.
2
Suppose 3*j = -b + 669, -70*j = b - 65*j - 667. What is the greatest common divisor of 16 and b?
16
Let s(o) = -o**2 - 7*o - 5. Suppose 3*t + 17 = -7. Let i be s(t). Let g = i + 29. What is the highest common factor of 64 and g?
16
Suppose -4*n + 5*s + 1143 = 0, -5*n + 2079 = -2*s + 663. What is the highest common divisor of n and 12?
6
Let l be (-25)/(-3) - (-6)/9. Suppose 0 = 5*o - 2*j - 401, 0 = 2*o - 5*j - 105 - 47. What is the highest common divisor of l and o?
9
Suppose -130 = -18*p + 32. What is the greatest common factor of p and 963?
9
Let r be 10/15*(-153)/(-6). What is the greatest common factor of 119 and r?
17
Suppose -12 = -3*o + 2*o. Let b be (-320)/24*(-9)/(-6). Let d(t) = t**2 + 18*t + 8. Let z be d(b). What is the highest common factor of o and z?
12
Let d = 52 + -126. Let c = d + 82. Calculate the greatest common factor of 24 and c.
8
Suppose -z + 3*f = 6, -16 = f - 5*f. Let y = 3 + z. What is the highest common divisor of 18 and y?
9
Let j be -75*3/2*(-1450)/225. What is the greatest common factor of 25 and j?
25
Suppose 2*a + 3*r = -33, -a - 3*a + 4*r - 36 = 0. Let j = a - -11. Let f be (-2)/(-3)*j*-18. Calculate the greatest common divisor of f and 60.
12
Suppose -69*x + 84*x - 1440 = 0. Calculate the greatest common factor of 12 and x.
12
Let k be (-22)/4*(5 + -1). Let t be (6/2)/(-3)*k. Let q = 27 + t. Calculate the highest common divisor of 7 and q.
7
Let h(j) = 2*j**2 + 4*j - 15. Let w be h(4). Calculate the greatest common divisor of 22 and w.
11
Suppose 5*i = 3*i - 880. Let q be 2/7 + i/(-28). Let o be 260/q + 1/(-4). What is the greatest common factor of o and 40?
8
Let c = -170 + 314. What is the greatest common divisor of c and 16?
16
Let t = -56 + 68. Calculate the highest common factor of t and 162.
6
Let m = -787 - -955. Calculate the greatest common factor of m and 132.
12
Let q = -1 - -5. Suppose q*n + j - 450 = 6*j, -n = -4*j - 118. Let z = -717 + 727. Calculate the greatest common divisor of z and n.
10
Let x = 161 + -140. Suppose 10*n = 7*n + 63. Calculate the highest common divisor of x and n.
21
Let v = 24 - 11. Let u(s) = 1 + 7 + v*s**3 - 3*s - 6. Let m be u(1). What is the greatest common divisor of 12 and m?
12
Let l(t) = 2*t**2 + 2*t - 14. Let o(h) = -h**2 + h + 1. Let b(m) = l(m) + 3*o(m). Let p be b(5). Let a = p - -13. What is the highest common divisor of 1 and a?
1
Let p = -17 - -33. Suppose 21*z = 3*z - 162. Let o = z + 49. Calculate the highest common divisor of p and o.
8
Let x be (-28)/252 - 811/(-9). What is the highest common divisor of x and 60?
30
Let b(z) be the third derivative of -z**4/12 + 23*z**3/3 + 22*z**2. Let l be b(19). Calculate the highest common divisor of l and 12.
4
Suppose 42*s = 12195 + 1665. Let y = 170 + -38. What is the highest common divisor of s and y?
66
Let p be (-20)/(-11) + 14/77. Suppose -p*n + 16 = 2*n, -m = -3*n - 54. What is the highest common factor of m and 99?
33
Let d = 22 - -11. Suppose 5*w + 79 = 5*c - 136, 2*w - 2 = 0. What is the greatest common divisor of c and d?
11
Let a = 1589 - 603. What is the highest common factor of 58 and a?
58
Let o(h) = 18*h**3 + 3*h**2 - 18*h + 24. Let d be o(4). What is the highest common factor of 48 and d?
48
Let m = 505 + -489. What is the greatest common divisor of 172 and m?
4
Suppose 2*a - 2*o = 0, 4*a + 2*o + 24 = -0*o. Let z be a + 1*(3 + 1). Suppose z = l - 2 + 1. What is the highest common divisor of 9 and l?
1
Let h = 351 - 321. What is the greatest common factor of 30 and h?
30
Suppose 3*l - 59 = n, l = -3*l + n + 79. Suppose 4*z - 40 = -0*z. Suppose -z = -x - x. Calculate the greatest common factor of l and x.
5
Suppose -5*f + 3*b = 357 - 2742, 477 = f - 2*b. What is the greatest common divisor of 9 and f?
9
Suppose 5*q - 3*h - 288 = 0, -q + 2*h = 6*h - 53. What is the highest common factor of 1083 and q?
57
Let a be 5/((-20)/(-16)) + -4 + 2. Let z be 72/(-54)*(a - 8). Let j be 3/(0 - (-3)/88). What is the highest common factor of z and j?
8
Let h(b) = -b**2 - 3. Let q be h(0). Let i be q*(0 - (-28)/6). Let w = -6 - i. Calculate the greatest common factor of 56 and w.
8
Let r = -1102 + 1104. Let h = 8 + -6. Calculate the greatest common factor of r and h.
2
Let j be 0 + (-3)/6*-26. Suppose 5 - j = -4*a. What is the greatest common factor of a and 4?
2
Suppose 19 - 163 = -16*a. What is the greatest common divisor of a and 153?
9
Let t(x) = -2*x**3 - 3*x**2 - x - 1. Let g be t(-2). Let m be (-1923)/(-35) - 456/(-7980). Calculate the highest common divisor of g and m.
5
Suppose 0 = -w + 4*x, 0 = -3*w + 6*x - x + 7. Let z be (-9 + w)*(-11)/5. Let g be 11*-1*(-3)/3. What is the highest common divisor of g and z?
11
Let d be (9/6)/(1/4). Let l(q) = -q**2 - 23*q - 7. Suppose 0 = -5*p + 67 - 177. Let i be l(p). What is the highest common factor of d and i?
3
Suppose -11*j + 1152 = -388. What is the highest common factor of j and 80?
20
Let h = 4 + -2. Suppose -h*m + t + 10 = -m, -m - 2*t = 2. Suppose -54 = -3*y + m. Calculate the highest common divisor of y and 100.
20
Suppose 193*s - 198*s + 2*q = -622, 5*q = 20. Calculate the highest common divisor of s and 42.
42
Suppose 5*w - 9*w = n - 64, -32 = -2*w + 5*n. Calculate the highest common divisor of w and 20.
4
Let y(h) be the first derivative of 15*h**2 - 87*h + 51. Let v be y(5). Let i = -51 - -72. What is the greatest common factor of v and i?
21
Suppose 3*i = 4*i + 14. Let t = -6 - i. Suppose 0 = -17*p + 22*p - 80. Calculate the greatest common factor of p and t.
8
Let b be (-2)/(-8) - 6/(-8). Let m be (5/1)/(0 + b). Suppose 0 = -m*f - q + 93, -2*f + 0*q + 3*q = -44. Calcula